{"id":775,"date":"2021-02-12T13:45:15","date_gmt":"2021-02-12T13:45:15","guid":{"rendered":"https:\/\/charly.froger.de\/?page_id=775"},"modified":"2021-02-12T14:09:05","modified_gmt":"2021-02-12T14:09:05","slug":"ist-demenz-ansteckend","status":"publish","type":"page","link":"https:\/\/froger.de\/index.php\/ist-demenz-ansteckend\/","title":{"rendered":"Ist Demenz ansteckend?"},"content":{"rendered":"<div id=\"id1\" class=\"graphic_generic_title_textbox_style_default\">\n<div>\n<div class=\"Normal\">\n<div class=\"paragraph Summary_Title\"><strong><img loading=\"lazy\" decoding=\"async\" class=\"alignnone size-medium wp-image-776\" src=\"https:\/\/charly.froger.de\/wp-content\/uploads\/2021\/02\/potato_face_1-300x225.jpg\" alt=\"\" width=\"300\" height=\"225\" srcset=\"https:\/\/froger.de\/wp-content\/uploads\/2021\/02\/potato_face_1-300x225.jpg 300w, https:\/\/froger.de\/wp-content\/uploads\/2021\/02\/potato_face_1.jpg 400w\" sizes=\"auto, (max-width: 300px) 100vw, 300px\" \/><\/strong><\/div>\n<p class=\"paragraph Summary_Title\"><strong><br \/>\nIst Demenz ansteckend?<\/p>\n<p><\/strong><\/p>\n<div>Stehe vor meinem K\u00fchlschrank und wei\u00df nicht mehr, was ich wollte. In Ordnung, oder auch nicht. Verlasse erst mal die K\u00fcche, um einen neuen Anlauf zu machen. Dann wird es mir schon wieder einfallen. Bleibe vor dem Fenster stehen. Es regnet. Betrachte die Tropfen, die sich am Fenster sammeln, sich zu gr\u00f6\u00dferen Tropfen vereinigen, dann an der Scheibe runterlaufen, unterwegs noch mehr Tropfen einsammeln, auf das Fensterbrett flie\u00dfen und unweigerlich aus meinem Blickwinkel verschwinden. Physik im vollendeten Ablauf. Nach einer Weile frage ich mich, warum ich zum Fenster gegangen bin. Bekomme Durst, also gehe ich in die K\u00fcche. Stehe vor meinem K\u00fchlschrank. Pl\u00f6tzlich \u00fcberkommt mich die Erinnerung eben schon einmal hier gestanden zu haben. Jetzt mache ich mir doch ein wenig Sorgen um meinem Geisteszustand. Ist das eine beginnende Demenz?<\/div>\n<\/div>\n<\/div>\n<\/div>\n<div class=\"graphic_generic_body_textbox_style_default\">\n<div>\n<div class=\"Normal\">\n<div class=\"paragraph Free_Form\"><\/div>\n<div class=\"paragraph Free_Form\">Demenz, ein Krankheitsbild, in aller Munde, welches wie ein Damoklesschwert \u00fcber unserer immer \u00e4lter werdenden Gesellschaft h\u00e4ngt. Und nicht nur da, sondern auch \u00fcber mir. Fr\u00fcher war es viel einfacher &#8211; Opa oder Oma war halt etwas t\u00fcdelig &#8211; heute gibt es diese vernichtende Diagnose ohne Wiederkehr. Sinke erst mal auf dem K\u00fcchenstuhl zusammen.<\/div>\n<div class=\"paragraph Free_Form\"><\/div>\n<div class=\"paragraph Free_Form\">Nun ist es so, ich bin ziemlich gut informiert, was dieses Volksleiden angeht. Aus erster Hand sozusagen. Meine Freundin arbeitet n\u00e4mlich im Altenheim, und zwar speziell f\u00fcr die siebenundachtzig B Bewohner. So hei\u00dft dieser Paragraf f\u00fcr dieses Klientel, der dann dazu f\u00fchrt, extra Geld der Krankenkasse auszusch\u00fctteten, wegen nicht mehr leistbarer Alltagskompetenz. Nat\u00fcrlich nur auf Antrag. So erfahre ich dann Sachen, die ich eigentlich gar nicht wissen d\u00fcrfte, \u00fcber Frau Habenicht oder Herrn M\u00fcller zum Beispiel. Ich kenne die nicht wirklich, aber mittlerweile irgendwie doch schon.<\/div>\n<div class=\"paragraph Free_Form\">Ich glaube nicht, dass das noch lustig ist, wenn Herr M\u00fcller zum zehntenmal hintereinander, innerhalb von zehn Minuten, fragt &#8211; Was ist heut f\u00fcr ein Tag, und welcher Monat, und welches Jahr haben wir. Die Ruhe m\u00f6chte ich haben, um da nicht aufbrausend zu werden.<\/div>\n<div class=\"paragraph Free_Form\">Oder Frau Habenicht, auch die L\u00e4uferin genannt, st\u00e4ndig im Heim unterwegs, vergisst sie schon mal wo das Klo ist, oder was man da \u00fcberhaupt macht. So stellen ihre Hinterlassenschaften in den G\u00e4ngen das Pflegepersonal verst\u00e4rkt auf die Probe.<\/div>\n<div class=\"paragraph Free_Form\"><\/div>\n<div class=\"paragraph Free_Form\">Vergessen, das ist das Problem. Ist unser K\u00f6rper mittlerweile auch f\u00fcr immer mehr Lebensjahre fit gemacht, spielt doch das Ged\u00e4chtnis nicht unbedingt mit. Zuerst f\u00e4ngt es ja ganz schleichend an. Mal den Herd nicht ausgeschaltet, die Suppe ungew\u00fcrzt, oder den Namen des Nachbarn gerade nicht parat. Kennen wir doch alle.<\/div>\n<div class=\"paragraph Free_Form\">Ist das schon der Anfang?<\/div>\n<div class=\"paragraph Free_Form\">Harmlos schleichend kommt sie daher. Und schwupps, hast du nicht aufgepasst, erkennst du deinen Partner nicht wieder. Manch ein L\u00e4stermaul mag hier einf\u00fcgen &#8211; kann ja auch von Vorteil sein. Sechs Tage hintereinander Rindfleischsuppe, wird ohne Beschwerde funktionieren, das Kurzzeitged\u00e4chtnis hat es ja eh nach zehn Minuten schon vergessen. Mag praktisch und eventuell auch mal erheiternd sein, aber was ist, wenn du keine Ahnung mehr hast, was mit der Rindfleischsuppe anzufangen ist. Dann kommen wieder Situationen, in denen die Geduld der Pflegenden auf die Probe gestellt wird.<\/div>\n<div class=\"paragraph Free_Form\"><\/div>\n<div class=\"paragraph Free_Form\">Habe gerade Neues von Frau Hirsch erfahren. Also dieses Heim, in dem meine Freundin arbeitet ist der reinste Hort von abstrusen Begebenheiten. Vieleicht sollte ich mal eine Geschichte davon schreiben.<\/div>\n<div class=\"paragraph Free_Form\">Also diese Frau Hirsch hat ja seit kurzem eine neue Macke. Sammelt sie doch alles ein, was ihr unter die Finger kommt. Heimlich nat\u00fcrlich. Besteck, Essensreste, Servietten, all so ein Zeug halt. Wobei sie die Servietten gleich doppelt einsetzt, erstens um die, sagen wir hier mal Wurstscheiben, mit derselben verdeckt vom Tisch angelt, in jene einwickelt, auf ihrem Rollator abbunkert, um sie dann sp\u00e4ter im Zimmer zu verstecken. F\u00fcr Notf\u00e4lle wohl. Alte Kriegsgenerationsschule. Leider vergisst sie dann die Verstecke. Das Pflegepersonal hat dann eine weitere Herrausforderung. Immer der Nase nach wird es bald f\u00fcndig, und f\u00f6rdert zwischen Unterw\u00e4sche oder hinter Sofakissen angeschimmelte Lebensmittel hervor.<\/div>\n<div class=\"paragraph Free_Form\">Die haben es auch echt nicht leicht.<\/div>\n<div class=\"paragraph Free_Form\"><\/div>\n<div class=\"paragraph Free_Form\">Erstaunlich, dass so viele diesen Job aus\u00fcben m\u00f6gen. Bald werden wir aber noch mehr Personal gebrauchen. Sch\u00e4tzungen zufolge wird sich die Zahl der an Demenz erkrankten von heute ca. 1,3 Millionen \u00a0bis zum Jahre 2050 verdoppeln. Was das alles kosten wird. Da reichen die bis jetzt gehorteten Milliarden garantiert nicht lange. Das haben die Krankenkassen nun davon, trimmen uns auf eine gesunde Lebensweise, damit unser K\u00f6rper l\u00e4nger durchh\u00e4lt, um dann in einer planlosen Gesellschaft zu enden. Wahrscheinlich werden sie sich sp\u00e4ter gar nicht mehr daran erinnern k\u00f6nnen.<\/div>\n<div class=\"paragraph Free_Form\"><\/div>\n<div class=\"paragraph Free_Form\">Meine Freundin sagt allerdings, dass sie ihre Arbeit gerne macht. Sie und ihre Kolleginnen mutma\u00dfen aber bereits seit einiger Zeit, dass sie sich ihren Klienten angleichen, was Vergesslichkeiten angeht. Liegt das an dem Umgang mit diesen Menschen, k\u00f6nnte das ansteckend sein. Und was hat das dann f\u00fcr Konsequenzen im zweiten Grade f\u00fcr mich?<\/div>\n<div class=\"paragraph Free_Form\">Schaue bei Wikipedia rein. Risikofaktoren.<\/div>\n<div class=\"paragraph Free_Form\"><\/div>\n<div class=\"paragraph Free_Form\">Hauptrisikofaktor f\u00fcr eine Demenz ist das hohe Lebensalter. Das \u00dcberwiegen des weiblichen Geschlechts unter den Betroffenen ist wahrscheinlich vor allem in der um einige Jahre h\u00f6heren Lebenserwartung von Frauen begr\u00fcndet.<\/div>\n<div class=\"paragraph Free_Form\"><\/div>\n<div class=\"paragraph Free_Form\">Entspanne mich ein bi\u00dfchen.<\/div>\n<div class=\"paragraph Free_Form\"><\/div>\n<div class=\"paragraph Free_Form\">Depressionen werden als Risikofaktor f\u00fcr die Entwicklung einer Demenz angesehen. Sie treten vor allem in fr\u00fchen Demenzstadien geh\u00e4uft auf und k\u00f6nnen einer Demenz auch vorausgehen.<\/div>\n<div class=\"paragraph Free_Form\">Weitere Risikofaktoren sind dar\u00fcber hinaus kardiovaskul\u00e4re Faktoren, wie Hypertonie, hoher Homocysteinspiegel, Niereninsuffizienz, Adipositas und Diabetes mellitus. Eine Rolle spielen hierbei Defekte des Gef\u00e4\u00dfsystems, der beeintr\u00e4chtigte Insulin-Metabolismus und Signalweg und ein Defekt im Glukosetransportmechanismus im Gehirn.<\/div>\n<div class=\"paragraph Free_Form\"><\/div>\n<div class=\"paragraph Free_Form\">Sollte ich meinen Arzt konsultieren?<\/div>\n<div class=\"paragraph Free_Form\"><\/div>\n<div class=\"paragraph Free_Form\">Da auch das Tabakrauchen einen m\u00f6glichen Risikofaktor f\u00fcr Demenzerkrankungen darstellt, tr\u00e4gt das Einstellen des Zigarettenkonsums ebenfalls zur Demenzpr\u00e4vention bei.<\/div>\n<div class=\"paragraph Free_Form\"><\/div>\n<div class=\"paragraph Free_Form\">Aber Raucher sterben doch fr\u00fcher, mit Chance vor Einsetzen einer Demenz.<\/div>\n<div class=\"paragraph Free_Form\"><\/div>\n<div class=\"paragraph Free_Form\">Eine im Jahr 2012 ver\u00f6ffentlichte Langzeitstudie weist auf einen Zusammenhang zwischen der Zahngesundheit und dem Demenzrisiko hin. Demnach ist das Risiko an Demenz zu erkranken um das 1,85-fache h\u00f6her, wenn 13 oder mehr Z\u00e4hne fehlen und die L\u00fccken nicht mit festem Zahnersatz versorgt sind. Forschungsgegenstand waren 4425 japanische Einwohner, die etwa 65 Jahre alt waren und \u00fcber 4 Jahre begleitet wurden. 220 von ihnen erkrankten an Demenz.<\/div>\n<div class=\"paragraph Free_Form\"><\/div>\n<div class=\"paragraph Free_Form\">Wann war ich eigentlich das letzte Mal beim Zahnarzt?<\/div>\n<div class=\"paragraph Free_Form\"><\/div>\n<div class=\"paragraph Free_Form\">Soweit wie ich das bis jetzt \u00fcberschauen kann, ist ein Austausch von K\u00f6rperfl\u00fcssigkeiten mit ihr kein Problem. Sollte die Sache doch eher in der Verhaltensforschung \u00fcberpr\u00fcft werden. Wenn mehrere Ihrer Mitarbeiterinnen gleiche Vermutungen hegen, sollte da nicht eine Befragung auch in anderen Heimen stattfinden? Da liegt doch die Vermutung nahe, ein steter Umgang mit Dementen f\u00e4rbt ab. Wie sieht denn es aus mit daheim Pflegenden?<\/div>\n<div class=\"paragraph Free_Form\"><\/div>\n<div class=\"paragraph Free_Form\">Schaue noch mal bei Wikipedia.<\/div>\n<div class=\"paragraph Free_Form\"><\/div>\n<div class=\"paragraph Free_Form\">Zu 90 Prozent werden Demenzkranke von Angeh\u00f6rigen gepflegt, zu 80 % von Frauen. Ein weithin untersch\u00e4tztes Problem ist der Umgang der Angeh\u00f6rigen mit sich selbst. Oft vernachl\u00e4ssigen sie zunehmend ihre eigenen Sozialkontakte und leben nur noch f\u00fcr den Dementen, mit dem sie kaum kommunizieren k\u00f6nnen. Oft sind sie voller Schuldgef\u00fchle wegen der immer wieder aufkommenden Aggressionen gegen\u00fcber dem Betroffenen. Und schlie\u00dflich haben sie selbst gro\u00dfe Angst, auch in absehbarer Zeit an einer \u00e4hnlichen Erkrankung zu leiden. Das alles m\u00fcndet in sehr vielen F\u00e4llen in eine relevante Depression.<\/div>\n<div class=\"paragraph Free_Form\"><\/div>\n<div class=\"paragraph Free_Form\">Depression, das hatte ich doch gelesen, kann Demenz ausl\u00f6sen. H\u00f6rt sich an wie eine unaufh\u00f6rlich steigende Spirale.<\/div>\n<div class=\"paragraph Free_Form\"><\/div>\n<div class=\"paragraph Free_Form\">Also, wenn sie heute nach Hause kommt, werde ich erst mal einen Witz erz\u00e4hlen. Hoffentlich f\u00e4llt mir bis dahin einer ein.<\/div>\n<div class=\"paragraph Free_Form\">Habe jetzt aber Durst. Gehe zum K\u00fchlschrank.<\/div>\n<\/div>\n<\/div>\n<\/div>\n","protected":false},"excerpt":{"rendered":"<p>Ist Demenz ansteckend? Stehe vor meinem K\u00fchlschrank und wei\u00df nicht mehr, was ich wollte. In Ordnung, oder auch nicht. Verlasse erst mal die K\u00fcche, um einen neuen Anlauf zu machen. Dann wird es mir schon wieder einfallen. Bleibe vor dem Fenster stehen. Es regnet. Betrachte die Tropfen, die sich am Fenster sammeln, sich zu gr\u00f6\u00dferen &hellip; <\/p>\n<p class=\"link-more\"><a href=\"https:\/\/froger.de\/index.php\/ist-demenz-ansteckend\/\" class=\"more-link\"><span class=\"screen-reader-text\">\u201eIst Demenz ansteckend?\u201c <\/span>weiterlesen<\/a><\/p>\n","protected":false},"author":1,"featured_media":0,"parent":0,"menu_order":0,"comment_status":"closed","ping_status":"closed","template":"","meta":{"footnotes":""},"class_list":["post-775","page","type-page","status-publish","hentry"],"_links":{"self":[{"href":"https:\/\/froger.de\/index.php\/wp-json\/wp\/v2\/pages\/775","targetHints":{"allow":["GET"]}}],"collection":[{"href":"https:\/\/froger.de\/index.php\/wp-json\/wp\/v2\/pages"}],"about":[{"href":"https:\/\/froger.de\/index.php\/wp-json\/wp\/v2\/types\/page"}],"author":[{"embeddable":true,"href":"https:\/\/froger.de\/index.php\/wp-json\/wp\/v2\/users\/1"}],"replies":[{"embeddable":true,"href":"https:\/\/froger.de\/index.php\/wp-json\/wp\/v2\/comments?post=775"}],"version-history":[{"count":12,"href":"https:\/\/froger.de\/index.php\/wp-json\/wp\/v2\/pages\/775\/revisions"}],"predecessor-version":[{"id":805,"href":"https:\/\/froger.de\/index.php\/wp-json\/wp\/v2\/pages\/775\/revisions\/805"}],"wp:attachment":[{"href":"https:\/\/froger.de\/index.php\/wp-json\/wp\/v2\/media?parent=775"}],"curies":[{"name":"wp","href":"https:\/\/api.w.org\/{rel}","templated":true}]}}

<div id="id1" class="graphic_generic_title_textbox_style_default">
<div>
<div class="Normal">
<div class="paragraph Summary_Title"><strong><img loading="lazy" decoding="async" class="alignnone size-medium wp-image-776" src="https://charly.froger.de/wp-content/uploads/2021/02/potato_face_1-300x225.jpg" alt="" width="300" height="225" srcset="https://froger.de/wp-content/uploads/2021/02/potato_face_1-300x225.jpg 300w, https://froger.de/wp-content/uploads/2021/02/potato_face_1.jpg 400w" sizes="auto, (max-width: 300px) 100vw, 300px" /></strong></div>
<p class="paragraph Summary_Title"><strong><br />
Ist Demenz ansteckend?</p>
<p></strong></p>
<div>Stehe vor meinem Kühlschrank und weiß nicht mehr, was ich wollte. In Ordnung, oder auch nicht. Verlasse erst mal die Küche, um einen neuen Anlauf zu machen. Dann wird es mir schon wieder einfallen. Bleibe vor dem Fenster stehen. Es regnet. Betrachte die Tropfen, die sich am Fenster sammeln, sich zu größeren Tropfen vereinigen, dann an der Scheibe runterlaufen, unterwegs noch mehr Tropfen einsammeln, auf das Fensterbrett fließen und unweigerlich aus meinem Blickwinkel verschwinden. Physik im vollendeten Ablauf. Nach einer Weile frage ich mich, warum ich zum Fenster gegangen bin. Bekomme Durst, also gehe ich in die Küche. Stehe vor meinem Kühlschrank. Plötzlich überkommt mich die Erinnerung eben schon einmal hier gestanden zu haben. Jetzt mache ich mir doch ein wenig Sorgen um meinem Geisteszustand. Ist das eine beginnende Demenz?</div>
</div>
</div>
</div>
<div class="graphic_generic_body_textbox_style_default">
<div>
<div class="Normal">
<div class="paragraph Free_Form"></div>
<div class="paragraph Free_Form">Demenz, ein Krankheitsbild, in aller Munde, welches wie ein Damoklesschwert über unserer immer älter werdenden Gesellschaft hängt. Und nicht nur da, sondern auch über mir. Früher war es viel einfacher &#8211; Opa oder Oma war halt etwas tüdelig &#8211; heute gibt es diese vernichtende Diagnose ohne Wiederkehr. Sinke erst mal auf dem Küchenstuhl zusammen.</div>
<div class="paragraph Free_Form"></div>
<div class="paragraph Free_Form">Nun ist es so, ich bin ziemlich gut informiert, was dieses Volksleiden angeht. Aus erster Hand sozusagen. Meine Freundin arbeitet nämlich im Altenheim, und zwar speziell für die siebenundachtzig B Bewohner. So heißt dieser Paragraf für dieses Klientel, der dann dazu führt, extra Geld der Krankenkasse auszuschütteten, wegen nicht mehr leistbarer Alltagskompetenz. Natürlich nur auf Antrag. So erfahre ich dann Sachen, die ich eigentlich gar nicht wissen dürfte, über Frau Habenicht oder Herrn Müller zum Beispiel. Ich kenne die nicht wirklich, aber mittlerweile irgendwie doch schon.</div>
<div class="paragraph Free_Form">Ich glaube nicht, dass das noch lustig ist, wenn Herr Müller zum zehntenmal hintereinander, innerhalb von zehn Minuten, fragt &#8211; Was ist heut für ein Tag, und welcher Monat, und welches Jahr haben wir. Die Ruhe möchte ich haben, um da nicht aufbrausend zu werden.</div>
<div class="paragraph Free_Form">Oder Frau Habenicht, auch die Läuferin genannt, ständig im Heim unterwegs, vergisst sie schon mal wo das Klo ist, oder was man da überhaupt macht. So stellen ihre Hinterlassenschaften in den Gängen das Pflegepersonal verstärkt auf die Probe.</div>
<div class="paragraph Free_Form"></div>
<div class="paragraph Free_Form">Vergessen, das ist das Problem. Ist unser Körper mittlerweile auch für immer mehr Lebensjahre fit gemacht, spielt doch das Gedächtnis nicht unbedingt mit. Zuerst fängt es ja ganz schleichend an. Mal den Herd nicht ausgeschaltet, die Suppe ungewürzt, oder den Namen des Nachbarn gerade nicht parat. Kennen wir doch alle.</div>
<div class="paragraph Free_Form">Ist das schon der Anfang?</div>
<div class="paragraph Free_Form">Harmlos schleichend kommt sie daher. Und schwupps, hast du nicht aufgepasst, erkennst du deinen Partner nicht wieder. Manch ein Lästermaul mag hier einfügen &#8211; kann ja auch von Vorteil sein. Sechs Tage hintereinander Rindfleischsuppe, wird ohne Beschwerde funktionieren, das Kurzzeitgedächtnis hat es ja eh nach zehn Minuten schon vergessen. Mag praktisch und eventuell auch mal erheiternd sein, aber was ist, wenn du keine Ahnung mehr hast, was mit der Rindfleischsuppe anzufangen ist. Dann kommen wieder Situationen, in denen die Geduld der Pflegenden auf die Probe gestellt wird.</div>
<div class="paragraph Free_Form"></div>
<div class="paragraph Free_Form">Habe gerade Neues von Frau Hirsch erfahren. Also dieses Heim, in dem meine Freundin arbeitet ist der reinste Hort von abstrusen Begebenheiten. Vieleicht sollte ich mal eine Geschichte davon schreiben.</div>
<div class="paragraph Free_Form">Also diese Frau Hirsch hat ja seit kurzem eine neue Macke. Sammelt sie doch alles ein, was ihr unter die Finger kommt. Heimlich natürlich. Besteck, Essensreste, Servietten, all so ein Zeug halt. Wobei sie die Servietten gleich doppelt einsetzt, erstens um die, sagen wir hier mal Wurstscheiben, mit derselben verdeckt vom Tisch angelt, in jene einwickelt, auf ihrem Rollator abbunkert, um sie dann später im Zimmer zu verstecken. Für Notfälle wohl. Alte Kriegsgenerationsschule. Leider vergisst sie dann die Verstecke. Das Pflegepersonal hat dann eine weitere Herrausforderung. Immer der Nase nach wird es bald fündig, und fördert zwischen Unterwäsche oder hinter Sofakissen angeschimmelte Lebensmittel hervor.</div>
<div class="paragraph Free_Form">Die haben es auch echt nicht leicht.</div>
<div class="paragraph Free_Form"></div>
<div class="paragraph Free_Form">Erstaunlich, dass so viele diesen Job ausüben mögen. Bald werden wir aber noch mehr Personal gebrauchen. Schätzungen zufolge wird sich die Zahl der an Demenz erkrankten von heute ca. 1,3 Millionen  bis zum Jahre 2050 verdoppeln. Was das alles kosten wird. Da reichen die bis jetzt gehorteten Milliarden garantiert nicht lange. Das haben die Krankenkassen nun davon, trimmen uns auf eine gesunde Lebensweise, damit unser Körper länger durchhält, um dann in einer planlosen Gesellschaft zu enden. Wahrscheinlich werden sie sich später gar nicht mehr daran erinnern können.</div>
<div class="paragraph Free_Form"></div>
<div class="paragraph Free_Form">Meine Freundin sagt allerdings, dass sie ihre Arbeit gerne macht. Sie und ihre Kolleginnen mutmaßen aber bereits seit einiger Zeit, dass sie sich ihren Klienten angleichen, was Vergesslichkeiten angeht. Liegt das an dem Umgang mit diesen Menschen, könnte das ansteckend sein. Und was hat das dann für Konsequenzen im zweiten Grade für mich?</div>
<div class="paragraph Free_Form">Schaue bei Wikipedia rein. Risikofaktoren.</div>
<div class="paragraph Free_Form"></div>
<div class="paragraph Free_Form">Hauptrisikofaktor für eine Demenz ist das hohe Lebensalter. Das Überwiegen des weiblichen Geschlechts unter den Betroffenen ist wahrscheinlich vor allem in der um einige Jahre höheren Lebenserwartung von Frauen begründet.</div>
<div class="paragraph Free_Form"></div>
<div class="paragraph Free_Form">Entspanne mich ein bißchen.</div>
<div class="paragraph Free_Form"></div>
<div class="paragraph Free_Form">Depressionen werden als Risikofaktor für die Entwicklung einer Demenz angesehen. Sie treten vor allem in frühen Demenzstadien gehäuft auf und können einer Demenz auch vorausgehen.</div>
<div class="paragraph Free_Form">Weitere Risikofaktoren sind darüber hinaus kardiovaskuläre Faktoren, wie Hypertonie, hoher Homocysteinspiegel, Niereninsuffizienz, Adipositas und Diabetes mellitus. Eine Rolle spielen hierbei Defekte des Gefäßsystems, der beeinträchtigte Insulin-Metabolismus und Signalweg und ein Defekt im Glukosetransportmechanismus im Gehirn.</div>
<div class="paragraph Free_Form"></div>
<div class="paragraph Free_Form">Sollte ich meinen Arzt konsultieren?</div>
<div class="paragraph Free_Form"></div>
<div class="paragraph Free_Form">Da auch das Tabakrauchen einen möglichen Risikofaktor für Demenzerkrankungen darstellt, trägt das Einstellen des Zigarettenkonsums ebenfalls zur Demenzprävention bei.</div>
<div class="paragraph Free_Form"></div>
<div class="paragraph Free_Form">Aber Raucher sterben doch früher, mit Chance vor Einsetzen einer Demenz.</div>
<div class="paragraph Free_Form"></div>
<div class="paragraph Free_Form">Eine im Jahr 2012 veröffentlichte Langzeitstudie weist auf einen Zusammenhang zwischen der Zahngesundheit und dem Demenzrisiko hin. Demnach ist das Risiko an Demenz zu erkranken um das 1,85-fache höher, wenn 13 oder mehr Zähne fehlen und die Lücken nicht mit festem Zahnersatz versorgt sind. Forschungsgegenstand waren 4425 japanische Einwohner, die etwa 65 Jahre alt waren und über 4 Jahre begleitet wurden. 220 von ihnen erkrankten an Demenz.</div>
<div class="paragraph Free_Form"></div>
<div class="paragraph Free_Form">Wann war ich eigentlich das letzte Mal beim Zahnarzt?</div>
<div class="paragraph Free_Form"></div>
<div class="paragraph Free_Form">Soweit wie ich das bis jetzt überschauen kann, ist ein Austausch von Körperflüssigkeiten mit ihr kein Problem. Sollte die Sache doch eher in der Verhaltensforschung überprüft werden. Wenn mehrere Ihrer Mitarbeiterinnen gleiche Vermutungen hegen, sollte da nicht eine Befragung auch in anderen Heimen stattfinden? Da liegt doch die Vermutung nahe, ein steter Umgang mit Dementen färbt ab. Wie sieht denn es aus mit daheim Pflegenden?</div>
<div class="paragraph Free_Form"></div>
<div class="paragraph Free_Form">Schaue noch mal bei Wikipedia.</div>
<div class="paragraph Free_Form"></div>
<div class="paragraph Free_Form">Zu 90 Prozent werden Demenzkranke von Angehörigen gepflegt, zu 80 % von Frauen. Ein weithin unterschätztes Problem ist der Umgang der Angehörigen mit sich selbst. Oft vernachlässigen sie zunehmend ihre eigenen Sozialkontakte und leben nur noch für den Dementen, mit dem sie kaum kommunizieren können. Oft sind sie voller Schuldgefühle wegen der immer wieder aufkommenden Aggressionen gegenüber dem Betroffenen. Und schließlich haben sie selbst große Angst, auch in absehbarer Zeit an einer ähnlichen Erkrankung zu leiden. Das alles mündet in sehr vielen Fällen in eine relevante Depression.</div>
<div class="paragraph Free_Form"></div>
<div class="paragraph Free_Form">Depression, das hatte ich doch gelesen, kann Demenz auslösen. Hört sich an wie eine unaufhörlich steigende Spirale.</div>
<div class="paragraph Free_Form"></div>
<div class="paragraph Free_Form">Also, wenn sie heute nach Hause kommt, werde ich erst mal einen Witz erzählen. Hoffentlich fällt mir bis dahin einer ein.</div>
<div class="paragraph Free_Form">Habe jetzt aber Durst. Gehe zum Kühlschrank.</div>
</div>
</div>
</div>

<p>Ist Demenz ansteckend? Stehe vor meinem Kühlschrank und weiß nicht mehr, was ich wollte. In Ordnung, oder auch nicht. Verlasse erst mal die Küche, um einen neuen Anlauf zu machen. Dann wird es mir schon wieder einfallen. Bleibe vor dem Fenster stehen. Es regnet. Betrachte die Tropfen, die sich am Fenster sammeln, sich zu größeren &hellip; </p>
<p class="link-more"><a href="https://froger.de/index.php/ist-demenz-ansteckend/" class="more-link"><span class="screen-reader-text">„Ist Demenz ansteckend?“ </span>weiterlesen</a></p>
